{"id":42,"date":"2020-09-30T11:11:56","date_gmt":"2020-09-30T08:11:56","guid":{"rendered":"https:\/\/mafnu.tfo.k12.tr\/?page_id=42"},"modified":"2020-10-02T15:03:20","modified_gmt":"2020-10-02T12:03:20","slug":"medias","status":"publish","type":"page","link":"https:\/\/mafnu.tfo.k12.tr\/?page_id=42","title":{"rendered":"M\u00c9DIAS"},"content":{"rendered":"\n<h2 class=\"has-luminous-vivid-orange-color has-text-color wp-block-heading\" style=\"font-size:30px\"><strong>Ki\u015fisel Verilerin Korunumu<\/strong><\/h2>\n\n\n\n<p style=\"font-size:24px\"><em>&#8220;Bu sitede yer alan foto\u011fraf ve videolar i\u00e7in ki\u015filerin (veli, \u00f6\u011fretmen, kurum) yaz\u0131l\u0131 onaylar\u0131 al\u0131nm\u0131\u015ft\u0131r. MAFNU organizasyon komitesi\u00a0t\u00fcm kat\u0131l\u0131mc\u0131lar\u0131n temel hak ve \u00f6zg\u00fcrl\u00fcklerinin korunmas\u0131na ve ki\u015fisel verilerinin g\u00fcvenli\u011fi konusunu y\u00fcksek derecede \u00f6nemsemektedir. Bu \u00e7er\u00e7evede, MAFNU organizasyonu ile ili\u015fkili t\u00fcm kat\u0131l\u0131mc\u0131lara ait her t\u00fcrl\u00fc ki\u015fisel veri 6698 say\u0131l\u0131 Ki\u015fisel Verilerin Korunmas\u0131 Kanunu\u2019na uygun \u015fekilde korunmas\u0131na \u00f6zen g\u00f6sterilir.\u00a0MAFNU organizasyon komitesi\u00a0\u00a0s\u00f6z konusu sorumlulu\u011fu kapsam\u0131nda t\u00fcm ki\u015fisel verileri \u201cVeri Sorumlusu\u201d s\u0131fat\u0131yla a\u015fa\u011f\u0131da belirtilen prensipler \u00e7er\u00e7evesinde toplar, i\u015fler, korur ve payla\u015f\u0131r.&#8221;<\/em><\/p>\n\n\n\n<p style=\"font-size:24px\"><em>Ki\u015fisel Verilerin Korunmas\u0131 Hakk\u0131nda Daha Detayl\u0131 Bilgi\u00a0(link:\u00a0<a rel=\"noreferrer noopener\" href=\"https:\/\/ankara.tfo.k12.tr\/tr\/tfo\/kisisel\" target=\"_blank\">https:\/\/ankara.tfo.k12.tr\/tr\/tfo\/kisisel<\/a>)<\/em><\/p>\n\n\n\n<p>\u200b<\/p>\n","protected":false},"excerpt":{"rendered":"Ki\u015fisel Verilerin Korunumu &#8220;Bu sitede yer alan foto\u011fraf ve videolar i\u00e7in ki\u015filerin (veli, \u00f6\u011fretmen, kurum) yaz\u0131l\u0131 onaylar\u0131 al\u0131nm\u0131\u015ft\u0131r. MAFNU organizasyon komitesi\u00a0t\u00fcm kat\u0131l\u0131mc\u0131lar\u0131n temel \n<a class=\"moretag\" href=\"https:\/\/mafnu.tfo.k12.tr\/?page_id=42\"> [...]<\/a>","protected":false},"author":1,"featured_media":0,"parent":0,"menu_order":0,"comment_status":"closed","ping_status":"closed","template":"layouts\/fullwidth.php","meta":{"footnotes":""},"_links":{"self":[{"href":"https:\/\/mafnu.tfo.k12.tr\/index.php?rest_route=\/wp\/v2\/pages\/42"}],"collection":[{"href":"https:\/\/mafnu.tfo.k12.tr\/index.php?rest_route=\/wp\/v2\/pages"}],"about":[{"href":"https:\/\/mafnu.tfo.k12.tr\/index.php?rest_route=\/wp\/v2\/types\/page"}],"author":[{"embeddable":true,"href":"https:\/\/mafnu.tfo.k12.tr\/index.php?rest_route=\/wp\/v2\/users\/1"}],"replies":[{"embeddable":true,"href":"https:\/\/mafnu.tfo.k12.tr\/index.php?rest_route=%2Fwp%2Fv2%2Fcomments&post=42"}],"version-history":[{"count":3,"href":"https:\/\/mafnu.tfo.k12.tr\/index.php?rest_route=\/wp\/v2\/pages\/42\/revisions"}],"predecessor-version":[{"id":391,"href":"https:\/\/mafnu.tfo.k12.tr\/index.php?rest_route=\/wp\/v2\/pages\/42\/revisions\/391"}],"wp:attachment":[{"href":"https:\/\/mafnu.tfo.k12.tr\/index.php?rest_route=%2Fwp%2Fv2%2Fmedia&parent=42"}],"curies":[{"name":"wp","href":"https:\/\/api.w.org\/{rel}","templated":true}]}}