{"id":77,"date":"2020-09-30T12:39:32","date_gmt":"2020-09-30T09:39:32","guid":{"rendered":"https:\/\/mafnu.tfo.k12.tr\/?page_id=77"},"modified":"2020-10-01T15:50:42","modified_gmt":"2020-10-01T12:50:42","slug":"conseil-de-securite","status":"publish","type":"page","link":"https:\/\/mafnu.tfo.k12.tr\/?page_id=77","title":{"rendered":"CONSEIL DE S\u00c9CURIT\u00c9"},"content":{"rendered":"\n<h2 class=\"wp-block-heading\" style=\"font-size:24px\"><span class=\"has-inline-color has-luminous-vivid-orange-color\">SUJET :<\/span><\/h2>\n\n\n\n<p style=\"font-size:24px\">Comment l\u00e9gif\u00e9rer&nbsp;contre l&#8217;enr\u00f4lement des enfants dans les conflits arm\u00e9s&nbsp;?&nbsp;<\/p>\n\n\n\n<div class=\"wp-block-columns is-layout-flex wp-container-5 wp-block-columns-is-layout-flex\">\n<div class=\"wp-block-column is-layout-flow wp-block-column-is-layout-flow\">\n<div class=\"wp-block-buttons is-layout-flex wp-block-buttons-is-layout-flex\">\n<div class=\"wp-block-button\"><a class=\"wp-block-button__link\" href=\"https:\/\/mafnu.tfo.k12.tr\/wp-content\/uploads\/2020\/10\/mafnu-report-1.pdf\" target=\"_blank\" rel=\"noreferrer noopener\">        RAPPORT        <\/a><\/div>\n<\/div>\n<\/div>\n\n\n\n<div class=\"wp-block-column is-layout-flow wp-block-column-is-layout-flow\">\n<div class=\"wp-block-image\"><figure class=\"alignleft size-large is-resized\"><img decoding=\"async\" loading=\"lazy\" src=\"https:\/\/mafnu.tfo.k12.tr\/wp-content\/uploads\/2020\/10\/mafnu-afis-5.jpg\" alt=\"\" width=\"234\" height=\"180\"\/><\/figure><\/div>\n<\/div>\n\n\n\n<div class=\"wp-block-column is-layout-flow wp-block-column-is-layout-flow\">\n<div class=\"wp-block-image\"><figure class=\"alignleft size-large is-resized\"><img decoding=\"async\" loading=\"lazy\" src=\"https:\/\/mafnu.tfo.k12.tr\/wp-content\/uploads\/2020\/10\/mafnu-afis-6.jpg\" alt=\"\" width=\"382\" height=\"180\"\/><\/figure><\/div>\n<\/div>\n<\/div>\n\n\n\n<p><\/p>\n","protected":false},"excerpt":{"rendered":"SUJET : Comment l\u00e9gif\u00e9rer&nbsp;contre l&#8217;enr\u00f4lement des enfants dans les conflits arm\u00e9s&nbsp;?&nbsp;\n<a class=\"moretag\" href=\"https:\/\/mafnu.tfo.k12.tr\/?page_id=77\"> [...]<\/a>","protected":false},"author":1,"featured_media":0,"parent":0,"menu_order":0,"comment_status":"closed","ping_status":"closed","template":"layouts\/fullwidth.php","meta":{"footnotes":""},"_links":{"self":[{"href":"https:\/\/mafnu.tfo.k12.tr\/index.php?rest_route=\/wp\/v2\/pages\/77"}],"collection":[{"href":"https:\/\/mafnu.tfo.k12.tr\/index.php?rest_route=\/wp\/v2\/pages"}],"about":[{"href":"https:\/\/mafnu.tfo.k12.tr\/index.php?rest_route=\/wp\/v2\/types\/page"}],"author":[{"embeddable":true,"href":"https:\/\/mafnu.tfo.k12.tr\/index.php?rest_route=\/wp\/v2\/users\/1"}],"replies":[{"embeddable":true,"href":"https:\/\/mafnu.tfo.k12.tr\/index.php?rest_route=%2Fwp%2Fv2%2Fcomments&post=77"}],"version-history":[{"count":6,"href":"https:\/\/mafnu.tfo.k12.tr\/index.php?rest_route=\/wp\/v2\/pages\/77\/revisions"}],"predecessor-version":[{"id":277,"href":"https:\/\/mafnu.tfo.k12.tr\/index.php?rest_route=\/wp\/v2\/pages\/77\/revisions\/277"}],"wp:attachment":[{"href":"https:\/\/mafnu.tfo.k12.tr\/index.php?rest_route=%2Fwp%2Fv2%2Fmedia&parent=77"}],"curies":[{"name":"wp","href":"https:\/\/api.w.org\/{rel}","templated":true}]}}