{"id":84,"date":"2020-09-30T12:39:32","date_gmt":"2020-09-30T09:39:32","guid":{"rendered":"https:\/\/mafnu.tfo.k12.tr\/?page_id=84"},"modified":"2020-10-02T14:26:06","modified_gmt":"2020-10-02T11:26:06","slug":"commission-unicef","status":"publish","type":"page","link":"https:\/\/mafnu.tfo.k12.tr\/?page_id=84","title":{"rendered":"COMMISSION UNICEF"},"content":{"rendered":"\n<h2 class=\"wp-block-heading\" style=\"font-size:24px\"><strong><span class=\"has-inline-color has-luminous-vivid-orange-color\">SUJET :<\/span><\/strong><\/h2>\n\n\n\n<p style=\"font-size:24px\">Comment l\u00e9gif\u00e9rer pour prot\u00e9ger les enfants contre le cyber-harc\u00e8lement ?<\/p>\n\n\n\n<div class=\"wp-block-columns is-layout-flex wp-container-5 wp-block-columns-is-layout-flex\">\n<div class=\"wp-block-column is-layout-flow wp-block-column-is-layout-flow\">\n<div class=\"wp-block-buttons is-layout-flex wp-block-buttons-is-layout-flex\">\n<div class=\"wp-block-button\"><a class=\"wp-block-button__link\" href=\"https:\/\/mafnu.tfo.k12.tr\/wp-content\/uploads\/2020\/10\/mafnu-report-7.pdf\" target=\"_blank\" rel=\"noreferrer noopener\">        RAPPORT        <\/a><\/div>\n<\/div>\n<\/div>\n\n\n\n<div class=\"wp-block-column is-layout-flow wp-block-column-is-layout-flow\">\n<figure class=\"wp-block-image size-large\"><img decoding=\"async\" loading=\"lazy\" width=\"299\" height=\"169\" src=\"https:\/\/mafnu.tfo.k12.tr\/wp-content\/uploads\/2020\/10\/mafnu-afis-17.jpg\" alt=\"\" class=\"wp-image-304\"\/><\/figure>\n<\/div>\n\n\n\n<div class=\"wp-block-column is-layout-flow wp-block-column-is-layout-flow\">\n<figure class=\"wp-block-image size-large\"><img decoding=\"async\" loading=\"lazy\" width=\"281\" height=\"274\" src=\"https:\/\/mafnu.tfo.k12.tr\/wp-content\/uploads\/2020\/10\/mafnu-afis-18.jpg\" alt=\"\" class=\"wp-image-303\"\/><\/figure>\n<\/div>\n<\/div>\n\n\n\n<p><\/p>\n","protected":false},"excerpt":{"rendered":"SUJET : Comment l\u00e9gif\u00e9rer pour prot\u00e9ger les enfants contre le cyber-harc\u00e8lement ?\n<a class=\"moretag\" href=\"https:\/\/mafnu.tfo.k12.tr\/?page_id=84\"> [...]<\/a>","protected":false},"author":1,"featured_media":0,"parent":0,"menu_order":0,"comment_status":"closed","ping_status":"closed","template":"layouts\/fullwidth.php","meta":{"footnotes":""},"_links":{"self":[{"href":"https:\/\/mafnu.tfo.k12.tr\/index.php?rest_route=\/wp\/v2\/pages\/84"}],"collection":[{"href":"https:\/\/mafnu.tfo.k12.tr\/index.php?rest_route=\/wp\/v2\/pages"}],"about":[{"href":"https:\/\/mafnu.tfo.k12.tr\/index.php?rest_route=\/wp\/v2\/types\/page"}],"author":[{"embeddable":true,"href":"https:\/\/mafnu.tfo.k12.tr\/index.php?rest_route=\/wp\/v2\/users\/1"}],"replies":[{"embeddable":true,"href":"https:\/\/mafnu.tfo.k12.tr\/index.php?rest_route=%2Fwp%2Fv2%2Fcomments&post=84"}],"version-history":[{"count":2,"href":"https:\/\/mafnu.tfo.k12.tr\/index.php?rest_route=\/wp\/v2\/pages\/84\/revisions"}],"predecessor-version":[{"id":306,"href":"https:\/\/mafnu.tfo.k12.tr\/index.php?rest_route=\/wp\/v2\/pages\/84\/revisions\/306"}],"wp:attachment":[{"href":"https:\/\/mafnu.tfo.k12.tr\/index.php?rest_route=%2Fwp%2Fv2%2Fmedia&parent=84"}],"curies":[{"name":"wp","href":"https:\/\/api.w.org\/{rel}","templated":true}]}}