{"id":89,"date":"2020-09-30T12:39:32","date_gmt":"2020-09-30T09:39:32","guid":{"rendered":"https:\/\/mafnu.tfo.k12.tr\/?page_id=89"},"modified":"2020-10-02T13:24:19","modified_gmt":"2020-10-02T10:24:19","slug":"fiche-pays","status":"publish","type":"page","link":"https:\/\/mafnu.tfo.k12.tr\/?page_id=89","title":{"rendered":"FICHE PAYS"},"content":{"rendered":"\n<p style=\"font-size:24px\"><em>&nbsp;&nbsp; &nbsp; &nbsp; &nbsp; &nbsp; &nbsp; &nbsp; &nbsp;L&#8217;une des premi\u00e8res choses \u00e0 faire pour bien se pr\u00e9parer au MAFNU coll\u00e8ge est de faire des recherches sur le pays que vous allez&nbsp;repr\u00e9senter.<\/em><\/p>\n\n\n\n<p style=\"font-size:24px\"><em>&nbsp; &nbsp; &nbsp; &nbsp; &nbsp; &nbsp; En cliquant sur le bouton ci-dessous, vous aurez acc\u00e8s \u00e0 un exemple de fiche pays que vous pouvez t\u00e9l\u00e9charger et ensuite compl\u00e9ter.<\/em><\/p>\n\n\n\n<div class=\"wp-block-buttons is-layout-flex wp-block-buttons-is-layout-flex\">\n<div class=\"wp-block-button\"><a class=\"wp-block-button__link\" href=\"https:\/\/mafnu.tfo.k12.tr\/wp-content\/uploads\/2020\/10\/Fiche-pays.doc\" target=\"_blank\" rel=\"noreferrer noopener\">        FICHE PAYS        <\/a><\/div>\n<\/div>\n","protected":false},"excerpt":{"rendered":"&nbsp;&nbsp; &nbsp; &nbsp; &nbsp; &nbsp; &nbsp; &nbsp; &nbsp;L&#8217;une des premi\u00e8res choses \u00e0 faire pour bien se pr\u00e9parer au MAFNU coll\u00e8ge est de faire \n<a class=\"moretag\" href=\"https:\/\/mafnu.tfo.k12.tr\/?page_id=89\"> [...]<\/a>","protected":false},"author":1,"featured_media":0,"parent":0,"menu_order":0,"comment_status":"closed","ping_status":"closed","template":"layouts\/fullwidth.php","meta":{"footnotes":""},"_links":{"self":[{"href":"https:\/\/mafnu.tfo.k12.tr\/index.php?rest_route=\/wp\/v2\/pages\/89"}],"collection":[{"href":"https:\/\/mafnu.tfo.k12.tr\/index.php?rest_route=\/wp\/v2\/pages"}],"about":[{"href":"https:\/\/mafnu.tfo.k12.tr\/index.php?rest_route=\/wp\/v2\/types\/page"}],"author":[{"embeddable":true,"href":"https:\/\/mafnu.tfo.k12.tr\/index.php?rest_route=\/wp\/v2\/users\/1"}],"replies":[{"embeddable":true,"href":"https:\/\/mafnu.tfo.k12.tr\/index.php?rest_route=%2Fwp%2Fv2%2Fcomments&post=89"}],"version-history":[{"count":4,"href":"https:\/\/mafnu.tfo.k12.tr\/index.php?rest_route=\/wp\/v2\/pages\/89\/revisions"}],"predecessor-version":[{"id":330,"href":"https:\/\/mafnu.tfo.k12.tr\/index.php?rest_route=\/wp\/v2\/pages\/89\/revisions\/330"}],"wp:attachment":[{"href":"https:\/\/mafnu.tfo.k12.tr\/index.php?rest_route=%2Fwp%2Fv2%2Fmedia&parent=89"}],"curies":[{"name":"wp","href":"https:\/\/api.w.org\/{rel}","templated":true}]}}